Let i = v + n. List the prime factors of i.
5
Suppose k - 3*k - 40 = 0. Suppose -3*t - 368 = -11*t. Let q = k + t. List the prime factors of q.
2, 13
Let j(s) = 334*s**2 - 119*s + 361. What are the prime factors of j(3)?
2, 5, 7, 43
Suppose -4*q + 3*v + 7185 = -15264, 4*q + v = 22453. What are the prime factors of q?
3, 1871
Let z = 58 - 103. Let b = 58 + z. What are the prime factors of b?
13
List the prime factors of 101856/180 - ((-8)/30)/2.
2, 283
Suppose 0*s + 1320 = 2*s. Suppose 8*u + 164 = s. What are the prime factors of u?
2, 31
Let o = 76 + -46. Suppose 3*a + o = 8*a + 2*q, 6 = -a + 2*q. Suppose 2*m + 2*r = 60, a*m = 5*m + 4*r - 42. What are the prime factors of m?
2, 13
Let u = 15 + -16. Let f be -2*(-1 + u)/2. Suppose -36 = -f*o + o. List the prime factors of o.
2, 3
Let a(p) = 336*p**2 + p + 2. Let c be a(1). Suppose -107 = 2*d - c. What are the prime factors of d?
2, 29
Let a(r) = 13*r**3 - 3*r**2 - 10*r + 18. What are the prime factors of a(3)?
2, 3, 13
Let f(r) = 17*r**2 - 3*r + 1. Let y be f(4). Suppose -17 + y = 4*a. What are the prime factors of a?
61
Suppose 0 = -4*h + 8 + 12, 5*y - 205 = 2*h. Let k = -142 + 143. Suppose 3*u + k - y = 0. What are the prime factors of u?
2, 7
Let x(i) = -4*i - 1. Let n be x(7). Let z = n - -99. What are the prime factors of z?
2, 5, 7
What are the prime factors of 254 + 9 - -10 - (1 - 1)?
3, 7, 13
Let x(v) = v**3 - 2*v**2 - 4*v + 122. What are the prime factors of x(0)?
2, 61
Let m(c) = -c**3 + 8*c**2 + 22*c - 18. List the prime factors of m(5).
167
Suppose 0 = 3*z + 5*r - 889 + 47, 3*z - 839 = -2*r. Let c = z - 150. List the prime factors of c.
3, 43
Let d(g) = -g**3 - 9*g**2 + 20*g - 15. Let b be d(-11). Suppose 0 = b*o - 62 - 673. What are the prime factors of o?
3, 5, 7
Suppose 1939 + 309 = 8*t. List the prime factors of t.
281
Let w(n) = 2*n**2. Let f be w(-3). Suppose 4*u = 82 - f. List the prime factors of u.
2
Suppose 9*a - 5 = 13. List the prime factors of (55/44)/(a/16).
2, 5
Let d be -2*(-1)/2 - 35. Suppose 36 - 34 = x. List the prime factors of d*(0 - 1/x).
17
Let k be (36/(-27))/((-2)/(-3)). Let v = k + 7. List the prime factors of 43/6 - v/30.
7
Suppose 5*v - w - 42 = 0, -4*v - 22 = 4*w - 70. What are the prime factors of (-9)/27 + 309/v?
2, 17
List the prime factors of 6488/(-6)*(-36)/48.
811
Let k(i) = 225*i - 1. Let l be k(1). Suppose -3*t - s = -150 + 14, 5*t - l = -3*s. List the prime factors of t.
2, 23
Suppose -3*o = -5*f - 32, 8*f + 40 = 5*o + 3*f. Suppose -o*z - 75 - 1 = 0. List the prime factors of ((-3)/(-2))/(z/(-722)).
3, 19
Let r(u) = 8*u + 5. Let v be r(-4). Suppose 11*m + 397 = -197. Let f = v - m. What are the prime factors of f?
3
Suppose -g = -4*x - 262 - 205, 452 = g + x. What are the prime factors of g?
5, 7, 13
Suppose -2*q = v + 2, 4*q + 5*v = -12 - 4. What are the prime factors of 241*(3/q)/3?
241
Let d(i) = -7*i**2 - 3*i + 8. Let w be d(-6). Let g be (9/(-2) - -4)*w. Suppose -117 = -5*k + g. What are the prime factors of k?
2, 23
What are the prime factors of (-22 - -6)*(-3)/(3/89)?
2, 89
Let u(m) = 3*m**2 + 2*m + 2. Let o be u(-5). Suppose 3*y - o = 110. What are the prime factors of y?
59
Suppose 0 = 4*k - 5*a - 28, k = -a + 2*a + 7. Suppose -3*b + 5 = -k. Suppose 0 = 4*z + b*p - 140 - 16, 0 = 4*z - 2*p - 168. What are the prime factors of z?
41
List the prime factors of 2/(-2) - -1203*(-6)/(-9).
3, 89
Let b = -559 + 1617. What are the prime factors of b?
2, 23
Let d = 4180 + -1135. What are the prime factors of d?
3, 5, 7, 29
Let y = -61 + 81. Suppose 4*p = 24 + y. List the prime factors of p.
11
Let s(v) = -v**3 + 3*v**2 - 7*v + 5. Let l be s(5). Suppose 2*z - 15 = 3*z. What are the prime factors of (l/z)/((-2)/(-6))?
2
Let w be (-1)/(-4) - 253/(-44). Suppose 2*m - 2 = w. Suppose c = -i + 7, -c + 8 = -2*c + m*i. What are the prime factors of c?
2
Suppose 2*n + 7 = -5*c + 2, c = -1. Let x = 5 + n. List the prime factors of 3/15 - (-209)/x.
2, 3, 7
Suppose 4*l + 5*k + 4 = 2*l, -k - 5 = -l. Suppose -4*n - 3 = -n, 3*q + 2*n = 139. Suppose 2*a = 2*b - l*a - q, 4*b - 2*a = 102. What are the prime factors of b?
2, 13
Let m = 355 - 188. List the prime factors of m.
167
Let z(c) = -c**2 + 6*c - 6. Let b = 18 - 13. Let w be z(b). What are the prime factors of (24/(-20))/(w/35)?
2, 3, 7
Let h(g) = -g**3 + 2*g**2 + 8. Let i be h(3). Suppose -5*r - 33 = 42. What are the prime factors of (-6)/r*(-30)/i?
2, 3
What are the prime factors of -8 - (-31521)/49 - (-4)/(-14)?
5, 127
Suppose v + b + b = 0, -4*v = 3*b - 20. Let q(k) = 2*k**2 + v + k - 10 + 9*k. List the prime factors of q(-7).
2, 13
Let o(p) = p**2 + 6*p - 1. Let v be o(-5). List the prime factors of ((2224/v)/8)/((-2)/6).
139
Let q(l) = 53*l + 769. List the prime factors of q(49).
2, 3, 11, 17
Suppose 3*b - 25 = 2. Let q = -5 + b. Suppose w = -q*i + 144, 0 = -4*i + w - 45 + 189. List the prime factors of i.
2, 3
Let a(p) = p**3 + 5*p**2 - p. Let b = 2 - 13. Let q = b - -8. List the prime factors of a(q).
3, 7
Let b = 11 + -11. Suppose -2*h + b*w - 28 = 2*w, -4*w - 38 = 2*h. Let y = -4 - h. List the prime factors of y.
5
Suppose 26*s - 22*s = 2*b + 5408, 5*s + 4*b = 6760. What are the prime factors of s?
2, 13
Let t be (269/3)/(2/24*2). Suppose a = 5*r - t, -8*r = -4*r - 2*a - 428. What are the prime factors of r?
2, 3
Let x(c) = c**2 - 21*c - 46. List the prime factors of x(28).
2, 3, 5
List the prime factors of 1515*8/24 + -6.
499
Suppose -p + 5 = -4*w - 102, p + 4*w - 139 = 0. What are the prime factors of p?
3, 41
Let k(j) = -15*j**3 + 4*j**2 + 6*j + 10. List the prime factors of k(-3).
433
Suppose 14*r - 5407 = 9293. What are the prime factors of r?
2, 3, 5, 7
Let d = -14 - -14. Let s be (1*(-1 + d))/1. What are the prime factors of 3/(s*1/(-3))?
3
Let p = 3 - 15. Let f be -5*(-4)/6*p. Let x = f - -68. What are the prime factors of x?
2, 7
Let j be -1 + 20/8*2. Suppose -j*y = 2*s - 3 - 5, -2 = -s - 4*y. What are the prime factors of s?
2, 3
Let s(a) = 63*a**2 + 33*a - 6. What are the prime factors of s(-5)?
2, 3, 13
Let p(u) = 2*u**2 + 26*u - 11. What are the prime factors of p(12)?
19, 31
List the prime factors of 2/(-8) - 42/72*-3309.
2, 5, 193
Let u = -11 + 29. Let p = -16 + u. List the prime factors of (p/(-6))/(1/(-57)).
19
Suppose t - 5*j + 1 = -4*j, j = -t + 5. Let g(w) = -w - w - 5*w**2 - t*w**2 - 11*w**3 - 3 + 10*w**3. List the prime factors of g(-7).
11
Suppose 615 = 22*w - 17*w. What are the prime factors of w?
3, 41
Let l be (3 + -3)/(1 + -3). Suppose 3*p = 5*z - 420, l = -4*z + p - 3*p + 314. What are the prime factors of z?
3
Let p be ((4 - 1) + -23)*1. What are the prime factors of (-4)/10 + (-668)/p?
3, 11
Let a be (6/(-5))/((-6)/20). Suppose -j - 5*r = 4, -a*j + 2*j - 5*r + 2 = 0. Let x(o) = o**2 - 2*o. List the prime factors of x(j).
2, 3
Suppose x + h = -176, h - 87 + 800 = -4*x. List the prime factors of -1*(-4)/8 + x/(-2).
2, 3, 5
What are the prime factors of (150/(-17 - -27))/(1/20)?
2, 3, 5
List the prime factors of (108/(-16) + 2)*-116.
19, 29
Let x(r) = -r**2 + 4*r + 13. Let w be x(-7). Let p = 6 - w. What are the prime factors of p?
2, 5, 7
Let c(v) = 306*v**2 + 5*v + 32. What are the prime factors of c(-3)?
17, 163
What are the prime factors of 3 - 2155/(-10) - (-6)/(-12)?
2, 109
Let j be (5/10 - 1)/((-2)/552). Suppose -3*f = 3*d - j, -5*d + 85 + 142 = 4*f. List the prime factors of d.
43
Let u = 748 + -374. Let s = -213 + u. What are the prime factors of s?
7, 23
Suppose 5*o + 23 - 33 = 0. Suppose -o*b = -55 + 17. What are the prime factors of b?
19
Suppose 0 = -3*o + 9*o - 18. What are the prime factors of (85/o)/((-7)/(-21))?
5, 17
What are the prime factors of 825 + -2 + (6 - 9)/(-3)?
2, 103
Suppose 4*a - z + 2*z - 24 = 0, -4*z + 41 = 5*a. Let i(h) = 8*h**2 + 7*h - 15. What are the prime factors of i(a)?
2, 5, 11
Let u(q) be the third derivative of q**7/1260 + q**5/120 + 11*q**4/24 + 11*q**2. Let f(y) be the second derivative of u(y). List the prime factors of f(2).
3
Suppose 7*s - 20104 = -7*s. List the prime factors of s.
2, 359
Suppose -240 = -5*t - 35. Let f = t + -5. List the prime factors of f.
2, 3
Let b be 4 - (48/3 - 1). Let j = b - -11. Suppose 2*h + j*h = -6, -4*t = -2*h - 46. What are the prime factors of t?
2, 5
Suppose -3*t = -w - 4*w + 62, 0 = 2*w - 